igit of 69069?
6
What is the tens digit of 17989?
8
What is the hundreds digit of 6343?
3
What is the thousands digit of 5181?
5
What is the hundreds digit of 803?
8
What is the thousands digit of 3198?
3
What is the thousands digit of 2794?
2
What is the thousands digit of 9281?
9
What is the units digit of 77390?
0
What is the units digit of 888?
8
What is the units digit of 4345?
5
What is the units digit of 115148?
8
What is the units digit of 58?
8
What is the hundreds digit of 459?
4
What is the hundreds digit of 106?
1
What is the hundreds digit of 1485?
4
What is the tens digit of 425?
2
What is the thousands digit of 5468?
5
What is the units digit of 968?
8
What is the units digit of 25108?
8
What is the tens digit of 49280?
8
What is the hundreds digit of 888?
8
What is the units digit of 3799?
9
What is the thousands digit of 15774?
5
What is the thousands digit of 3275?
3
What is the tens digit of 171?
7
What is the hundreds digit of 781?
7
What is the tens digit of 95463?
6
What is the units digit of 8012?
2
What is the tens digit of 793?
9
What is the units digit of 82?
2
What is the units digit of 5912?
2
What is the hundreds digit of 34319?
3
What is the tens digit of 936?
3
What is the hundreds digit of 31689?
6
What is the hundreds digit of 16491?
4
What is the thousands digit of 91624?
1
What is the thousands digit of 1423?
1
What is the units digit of 5834?
4
What is the thousands digit of 45365?
5
What is the units digit of 1407?
7
What is the thousands digit of 1750?
1
What is the units digit of 1331?
1
What is the hundreds digit of 762?
7
What is the units digit of 124823?
3
What is the tens digit of 198887?
8
What is the ten thousands digit of 38509?
3
What is the units digit of 825?
5
What is the thousands digit of 6884?
6
What is the thousands digit of 34781?
4
What is the tens digit of 9251?
5
What is the units digit of 4394?
4
What is the hundreds digit of 19441?
4
What is the units digit of 2903?
3
What is the tens digit of 2193?
9
What is the hundred thousands digit of 104276?
1
What is the thousands digit of 1207?
1
What is the units digit of 2618?
8
What is the ten thousands digit of 51381?
5
What is the thousands digit of 5215?
5
What is the thousands digit of 2414?
2
What is the units digit of 3154?
4
What is the thousands digit of 1329?
1
What is the thousands digit of 9732?
9
What is the hundreds digit of 2558?
5
What is the hundreds digit of 120?
1
What is the hundreds digit of 1110?
1
What is the hundreds digit of 1006?
0
What is the units digit of 163?
3
What is the hundreds digit of 4145?
1
What is the units digit of 1442?
2
What is the ten thousands digit of 40547?
4
What is the hundreds digit of 12522?
5
What is the thousands digit of 47139?
7
What is the hundreds digit of 27906?
9
What is the units digit of 2121?
1
What is the hundreds digit of 2391?
3
What is the tens digit of 894?
9
What is the ten thousands digit of 41924?
4
What is the thousands digit of 25356?
5
What is the thousands digit of 1177?
1
What is the tens digit of 4298?
9
What is the ten thousands digit of 12080?
1
What is the tens digit of 173?
7
What is the hundreds digit of 18069?
0
What is the tens digit of 1016?
1
What is the ten thousands digit of 117608?
1
What is the thousands digit of 7540?
7
What is the tens digit of 12?
1
What is the thousands digit of 2473?
2
What is the thousands digit of 32789?
2
What is the hundreds digit of 1058?
0
What is the thousands digit of 7655?
7
What is the thousands digit of 4317?
4
What is the hundreds digit of 1935?
9
What is the tens digit of 52947?
4
What is the units digit of 51905?
5
What is the hundreds digit of 143094?
0
What is the units digit of 47552?
2
What is the hundreds digit of 25522?
5
What is the tens digit of 1703?
0
What is the units digit of 965?
5
What is the hundreds digit of 912?
9
What is the hundreds digit of 818?
8
What is the units digit of 1187?
7
What is the thousands digit of 29296?
9
What is the hundreds digit of 22499?
4
What is the tens digit of 2425?
2
What is the units digit of 9024?
4
What is the thousands digit of 4228?
4
What is the hundreds digit of 20160?
1
What is the ten thousands digit of 42166?
4
What is the hundreds digit of 1645?
6
What is the tens digit of 298?
9
What is the hundreds digit of 8102?
1
What is the hundreds digit of 54133?
1
What is the thousands digit of 1522?
1
What is the tens digit of 7485?
8
What is the units digit of 46185?
5
What is the units digit of 99748?
8
What is the tens digit of 235?
3
What is the tens digit of 87922?
2
What is the tens digit of 585?
8
What is the units digit of 1172?
2
What is the thousands digit of 11573?
1
What is the units digit of 378?
8
What is the units digit of 883?
3
What is the thousands digit of 2727?
2
What is the tens digit of 28804?
0
What is the tens digit of 3661?
6
What is the hundreds digit of 504?
5
What is the tens digit of 98803?
0
What is the hundreds digit of 5890?
8
What is the tens digit of 180?
8
What is the units digit of 16603?
3
What is the units digit of 269?
9
What is the thousands digit of 3303?
3
What is the ten thousands digit of 51356?
5
What is the tens digit of 2332?
3
What is the hundreds digit of 1040?
0
What is the tens digit of 10451?
5
What is the units digit of 5950?
0
What is the tens digit of 872?
7
What is the units digit of 22488?
8
What is the hundreds digit of 133?
1
What is the thousands digit of 1890?
1
What is the hundreds digit of 27238?
2
What is the units digit of 17260?
0
What is the units digit of 3943?
3
What is the hundreds digit of 26988?
9
What is the units digit of 2675?
5
What is the units digit of 16918?
8
What is the tens digit of 4930?
3
What is the units digit of 94?
4
What is the ten thousands digit of 19400?
1
What is the ten thousands digit of 74834?
7
What is the units digit of 2487?
7
What is the thousands digit of 38405?
8
What is the tens digit of 5146?
4
What is the units digit of 544?
4
What is the thousands digit of 2588?
2
What is the units digit of 2072?
2
What is the hundreds digit of 328?
3
What is the thousands digit of 66025?
6
What is the ten thousands digit of 67098?
6
What is the tens digit of 5513?
1
What is the tens digit of 57774?
7
What is the hundreds digit of 549?
5
What is the hundreds digit of 46842?
8
What is the hundreds digit of 1799?
7
What is the hundreds digit of 1656?
6
What is the thousands digit of 2569?
2
What is the thousands digit of 23973?
3
What is the thousands digit of 7255?
7
What is the tens digit of 2158?
5
What is the tens digit of 7497?
9
What is the thousands digit of 114601?
4
What is the tens digit of 6512?
1
What is the thousands digit of 4045?
4
What is the tens digit of 13078?
7
What is the ten thousands digit of 31760?
3
What is the thousands digit of 58463?
8
What is the thousands digit of 4277?
4
What is the tens digit of 2405?
0
What is the thousands digit of 2327?
2
What is the tens digit of 6376?
7
What is the units digit of 32?
2
What is the hundreds digit of 21801?
8
What is the hundreds digit of 2944?
9
What is the thousands digit of 23748?
3
What is the units digit of 254?
4
What is the hundreds digit of 27364?
3
What is the tens digit of 4075?
7
What is the tens digit of 548?
4
What is the units digit of 2706?
6
What is the tens digit of 266?
6
What is the tens digit of 7878?
7
What is the units digit of 141?
1
What is the hundreds digit of 612?
6
What is the units digit of 13385?
5
What is the hundreds digit of 118726?
7
What is the thousands digit of 30736?
0
What is the hundreds digit of 1389?
3
What is the ten thousands digit of 15655?
1
What is the hundreds digit of 2905?
9
What is the thousands digit of 5896?
5
What is the units digit of 13805?
5
What is the units digit of 1339?
9
What is the units digit of 2069?
9
What is the tens digit of 49122?
2
What is the tens digit of 1561?
6
What is the tens digit of 12369?
6
What is the hundreds digit of 116?
1
What is the tens digit of 58225?
2
What is the units digit of 199?
9
What is the units digit of 2032?
2
What is the units digit of 1461?
1
What is the hundred thousands digit of 119796?
1
What is the tens digit of 937?
3
What is the thousands digit of 6450?
6
What is the tens digit of 1392?
9
What is the hundred